{"id":6750,"date":"2020-04-01T16:16:21","date_gmt":"2020-04-01T14:16:21","guid":{"rendered":"https:\/\/www.ripess.eu\/?page_id=6750"},"modified":"2020-04-08T18:34:47","modified_gmt":"2020-04-08T16:34:47","slug":"espagne","status":"publish","type":"page","link":"https:\/\/ripess.eu\/fr\/espagne\/","title":{"rendered":"Espagne"},"content":{"rendered":"\n<h2 class=\"wp-block-heading\">Espagne<\/h2>\n\n\n\n<p style=\"background-color:#fff78b\" class=\"has-background\"> Nous rassemblons ici des <strong>messages, articles, histoires et r\u00e9f\u00e9rences d&rsquo;initiatives d&rsquo;Economie Solidaire en r\u00e9ponse \u00e0 la crise pand\u00e9mique Covid19<\/strong> et \u00e0 ses cons\u00e9quences dans toute l&rsquo;Europe, <strong>afin de partager et d&rsquo;\u00e9changer les exp\u00e9riences et les efforts des r\u00e9seaux membres et d&rsquo;autres organisations<\/strong>. Si vous souhaitez contribuer, <strong>veuillez \u00e9crire \u00e0 : info@ripess.eu<\/strong> <\/p>\n\n\n\n<p class=\"has-background has-very-light-gray-background-color\"> <strong>REAS Red de redes \u2013 Guide collaboratif des initiatives d&rsquo;Economie Solidaire (ESS)<\/strong> <\/p>\n\n\n\n<div class=\"wp-block-image\"><figure class=\"aligncenter size-large is-resized\"><img loading=\"lazy\" decoding=\"async\" src=\"https:\/\/europe.ripess.rio20.net\/wp-content\/uploads\/sites\/4\/2020\/04\/REAS_COVID-19_BANNER_1X1-03_0.png\" alt=\"\" class=\"wp-image-6720\" width=\"135\" height=\"135\" srcset=\"https:\/\/ripess.eu\/wp-content\/uploads\/sites\/4\/2020\/04\/REAS_COVID-19_BANNER_1X1-03_0.png 480w, https:\/\/ripess.eu\/wp-content\/uploads\/sites\/4\/2020\/04\/REAS_COVID-19_BANNER_1X1-03_0-300x300.png 300w, https:\/\/ripess.eu\/wp-content\/uploads\/sites\/4\/2020\/04\/REAS_COVID-19_BANNER_1X1-03_0-90x90.png 90w\" sizes=\"(max-width: 135px) 100vw, 135px\" \/><\/figure><\/div>\n\n\n\n<p> <em>\u00ab\u00a0Le r\u00e9seau de r\u00e9seaux REAS (Espagne) lance un GUIDE collaboratif pour recenser les propositions et les initiatives qui s&rsquo;articulent \u00e0 partir de l&rsquo;\u00e9conomie solidaire (ESS) et des citoyens pour d\u00e9noncer, r\u00e9sister et r\u00e9pondre \u00e0 la crise du COVID-19.\u00a0\u00bb<\/em> <\/p>\n\n\n\n<div class=\"wp-block-button\"><a class=\"wp-block-button__link has-background has-luminous-vivid-amber-background-color\" href=\"https:\/\/www.economiasolidaria.org\/guia-iniciativas-covid-19\">En savoir plus<\/a><\/div>\n\n\n\n<p><\/p>\n\n\n\n<p class=\"has-background has-very-light-gray-background-color\"><strong>Article du Saltodiario \u00ab\u00a0Existe-t-il un vaccin contre la pand\u00e9mie du capital ?<\/strong><\/p>\n\n\n\n<div class=\"wp-block-image\"><figure class=\"aligncenter size-large\"><img loading=\"lazy\" decoding=\"async\" width=\"1024\" height=\"538\" src=\"https:\/\/europe.ripess.rio20.net\/wp-content\/uploads\/sites\/4\/2020\/04\/elsaltiodario-articulo-page-covid-esp-1024x538.jpg\" alt=\"\" class=\"wp-image-6904\" srcset=\"https:\/\/ripess.eu\/wp-content\/uploads\/sites\/4\/2020\/04\/elsaltiodario-articulo-page-covid-esp-1024x538.jpg 1024w, https:\/\/ripess.eu\/wp-content\/uploads\/sites\/4\/2020\/04\/elsaltiodario-articulo-page-covid-esp-300x158.jpg 300w, https:\/\/ripess.eu\/wp-content\/uploads\/sites\/4\/2020\/04\/elsaltiodario-articulo-page-covid-esp-768x403.jpg 768w, https:\/\/ripess.eu\/wp-content\/uploads\/sites\/4\/2020\/04\/elsaltiodario-articulo-page-covid-esp-1536x806.jpg 1536w, https:\/\/ripess.eu\/wp-content\/uploads\/sites\/4\/2020\/04\/elsaltiodario-articulo-page-covid-esp.jpg 2000w\" sizes=\"(max-width: 1024px) 100vw, 1024px\" \/><\/figure><\/div>\n\n\n\n<p><em>\u00ab\u00a0Face aux diff\u00e9rentes crises d\u00e9clench\u00e9es par le COVID&rsquo;19, nous lisons la situation en termes d&rsquo;Economie Solidaire \u00e0 partir de notre Charte de Principes. Ce texte est le cadre introductif d&rsquo;un Guide des initiatives d&rsquo;\u00e9conomie solidaire que le r\u00e9seau de r\u00e9seaux REAS promeut, pour montrer les exp\u00e9riences de d\u00e9nonciation, de r\u00e9sistance et de construction d&rsquo;alternatives qui ont lieu face \u00e0 la crise sanitaire, \u00e9conomique et sociale actuelle.<\/em><\/p>\n\n\n\n<p><em>Nous sommes face \u00e0 un moment convulsif plein d&rsquo;incertitude, dans une sorte de dystopie tir\u00e9e d&rsquo;un sc\u00e9nario de film. Face \u00e0 cet \u00e9tat d&rsquo;alerte actuel, nous essayons de trouver des indices qui nous aideront \u00e0 comprendre la situation que vivent les citoyens et la plan\u00e8te ; le coronavirus ne conna\u00eet pas de fronti\u00e8res et est plus globalis\u00e9 que jamais. Il est donc urgent d&rsquo;identifier les causes qui nous ont conduits jusqu&rsquo;ici, de mettre en place les mesures n\u00e9cessaires et de jeter les bases pour sortir de cette crise &#8211; sanitaire, mais aussi \u00e9conomique et sociale &#8211; et ne pas s&rsquo;enliser \u00e0 nouveau dans sa courbe\u00a0\u00bb.<\/em><\/p>\n\n\n\n<div class=\"wp-block-button\"><a class=\"wp-block-button__link has-background has-luminous-vivid-amber-background-color\" href=\"https:\/\/www.elsaltodiario.com\/mecambio\/existe-vacuna-contra-la-pandemia-del-capital\">Lire l&rsquo;article (en espagnol)<\/a><\/div>\n","protected":false},"excerpt":{"rendered":"<p>Espagne Nous rassemblons ici des messages, articles, histoires et r\u00e9f\u00e9rences d&rsquo;initiatives d&rsquo;Economie Solidaire en r\u00e9ponse \u00e0 la crise pand\u00e9mique Covid19 et \u00e0 ses cons\u00e9quences dans toute l&rsquo;Europe, afin de partager [&hellip;]<\/p>\n","protected":false},"author":7618,"featured_media":0,"parent":0,"menu_order":0,"comment_status":"closed","ping_status":"closed","template":"","meta":{"_et_pb_use_builder":"","_et_pb_old_content":"","_et_gb_content_width":"","footnotes":""},"class_list":["post-6750","page","type-page","status-publish","hentry"],"_links":{"self":[{"href":"https:\/\/ripess.eu\/fr\/wp-json\/wp\/v2\/pages\/6750","targetHints":{"allow":["GET"]}}],"collection":[{"href":"https:\/\/ripess.eu\/fr\/wp-json\/wp\/v2\/pages"}],"about":[{"href":"https:\/\/ripess.eu\/fr\/wp-json\/wp\/v2\/types\/page"}],"author":[{"embeddable":true,"href":"https:\/\/ripess.eu\/fr\/wp-json\/wp\/v2\/users\/7618"}],"replies":[{"embeddable":true,"href":"https:\/\/ripess.eu\/fr\/wp-json\/wp\/v2\/comments?post=6750"}],"version-history":[{"count":0,"href":"https:\/\/ripess.eu\/fr\/wp-json\/wp\/v2\/pages\/6750\/revisions"}],"wp:attachment":[{"href":"https:\/\/ripess.eu\/fr\/wp-json\/wp\/v2\/media?parent=6750"}],"curies":[{"name":"wp","href":"https:\/\/api.w.org\/{rel}","templated":true}]}}

<h2 class="wp-block-heading">Espagne</h2>



<p style="background-color:#fff78b" class="has-background"> Nous rassemblons ici des <strong>messages, articles, histoires et références d&rsquo;initiatives d&rsquo;Economie Solidaire en réponse à la crise pandémique Covid19</strong> et à ses conséquences dans toute l&rsquo;Europe, <strong>afin de partager et d&rsquo;échanger les expériences et les efforts des réseaux membres et d&rsquo;autres organisations</strong>. Si vous souhaitez contribuer, <strong>veuillez écrire à : info@ripess.eu</strong> </p>



<p class="has-background has-very-light-gray-background-color"> <strong>REAS Red de redes – Guide collaboratif des initiatives d&rsquo;Economie Solidaire (ESS)</strong> </p>



<div class="wp-block-image"><figure class="aligncenter size-large is-resized"><img loading="lazy" decoding="async" src="https://europe.ripess.rio20.net/wp-content/uploads/sites/4/2020/04/REAS_COVID-19_BANNER_1X1-03_0.png" alt="" class="wp-image-6720" width="135" height="135" srcset="https://ripess.eu/wp-content/uploads/sites/4/2020/04/REAS_COVID-19_BANNER_1X1-03_0.png 480w, https://ripess.eu/wp-content/uploads/sites/4/2020/04/REAS_COVID-19_BANNER_1X1-03_0-300x300.png 300w, https://ripess.eu/wp-content/uploads/sites/4/2020/04/REAS_COVID-19_BANNER_1X1-03_0-90x90.png 90w" sizes="(max-width: 135px) 100vw, 135px" /></figure></div>



<p> <em>« Le réseau de réseaux REAS (Espagne) lance un GUIDE collaboratif pour recenser les propositions et les initiatives qui s&rsquo;articulent à partir de l&rsquo;économie solidaire (ESS) et des citoyens pour dénoncer, résister et répondre à la crise du COVID-19. »</em> </p>



<div class="wp-block-button"><a class="wp-block-button__link has-background has-luminous-vivid-amber-background-color" href="https://www.economiasolidaria.org/guia-iniciativas-covid-19">En savoir plus</a></div>



<p></p>



<p class="has-background has-very-light-gray-background-color"><strong>Article du Saltodiario « Existe-t-il un vaccin contre la pandémie du capital ?</strong></p>



<div class="wp-block-image"><figure class="aligncenter size-large"><img loading="lazy" decoding="async" width="1024" height="538" src="https://europe.ripess.rio20.net/wp-content/uploads/sites/4/2020/04/elsaltiodario-articulo-page-covid-esp-1024x538.jpg" alt="" class="wp-image-6904" srcset="https://ripess.eu/wp-content/uploads/sites/4/2020/04/elsaltiodario-articulo-page-covid-esp-1024x538.jpg 1024w, https://ripess.eu/wp-content/uploads/sites/4/2020/04/elsaltiodario-articulo-page-covid-esp-300x158.jpg 300w, https://ripess.eu/wp-content/uploads/sites/4/2020/04/elsaltiodario-articulo-page-covid-esp-768x403.jpg 768w, https://ripess.eu/wp-content/uploads/sites/4/2020/04/elsaltiodario-articulo-page-covid-esp-1536x806.jpg 1536w, https://ripess.eu/wp-content/uploads/sites/4/2020/04/elsaltiodario-articulo-page-covid-esp.jpg 2000w" sizes="(max-width: 1024px) 100vw, 1024px" /></figure></div>



<p><em>« Face aux différentes crises déclenchées par le COVID&rsquo;19, nous lisons la situation en termes d&rsquo;Economie Solidaire à partir de notre Charte de Principes. Ce texte est le cadre introductif d&rsquo;un Guide des initiatives d&rsquo;économie solidaire que le réseau de réseaux REAS promeut, pour montrer les expériences de dénonciation, de résistance et de construction d&rsquo;alternatives qui ont lieu face à la crise sanitaire, économique et sociale actuelle.</em></p>



<p><em>Nous sommes face à un moment convulsif plein d&rsquo;incertitude, dans une sorte de dystopie tirée d&rsquo;un scénario de film. Face à cet état d&rsquo;alerte actuel, nous essayons de trouver des indices qui nous aideront à comprendre la situation que vivent les citoyens et la planète ; le coronavirus ne connaît pas de frontières et est plus globalisé que jamais. Il est donc urgent d&rsquo;identifier les causes qui nous ont conduits jusqu&rsquo;ici, de mettre en place les mesures nécessaires et de jeter les bases pour sortir de cette crise &#8211; sanitaire, mais aussi économique et sociale &#8211; et ne pas s&rsquo;enliser à nouveau dans sa courbe ».</em></p>



<div class="wp-block-button"><a class="wp-block-button__link has-background has-luminous-vivid-amber-background-color" href="https://www.elsaltodiario.com/mecambio/existe-vacuna-contra-la-pandemia-del-capital">Lire l&rsquo;article (en espagnol)</a></div>

<p>Espagne Nous rassemblons ici des messages, articles, histoires et références d&rsquo;initiatives d&rsquo;Economie Solidaire en réponse à la crise pandémique Covid19 et à ses conséquences dans toute l&rsquo;Europe, afin de partager [&hellip;]</p>
