{"id":25375,"date":"2021-06-10T16:08:04","date_gmt":"2021-06-10T14:08:04","guid":{"rendered":"https:\/\/ripess.eu\/assemblees-generales\/10eme-assemblee-generale-villarceaux-paris-2021\/"},"modified":"2021-06-21T14:47:05","modified_gmt":"2021-06-21T13:47:05","slug":"10eme-assemblee-generale-villarceaux-paris-2021","status":"publish","type":"page","link":"https:\/\/ripess.eu\/fr\/assemblees-generales\/10eme-assemblee-generale-villarceaux-paris-2021\/","title":{"rendered":"10\u00e8me Assembl\u00e9e g\u00e9n\u00e9rale &#8211; Villarceaux (Paris) 2021"},"content":{"rendered":"<p>Le 10\u00e8me Congr\u00e8s et <strong>Assembl\u00e9e G\u00e9n\u00e9rale (AG) de RIPESS Europe &#8211; Solidarity Economy Europe<\/strong> se tiendra du <strong>7 au 10 septembre 2021 \u00e0 la <a href=\"http:\/\/www.bergerie-villarceaux.org\/index.php?page=presentation\" target=\"_blank\">Bergerie de Villarceaux (Paris, France)<\/a><\/strong>, avec le soutien de la <a href=\"http:\/\/www.fph.ch\/index_fr.html\" target=\"_blank\"><strong>FPH (Fondation pour le progr\u00e8s humain)<\/strong><\/a>. Cette AG est l&rsquo;occasion de se retrouver et de c\u00e9l\u00e9brer le <strong>10e anniversaire du r\u00e9seau<\/strong> dans une ambiance conviviale et de continuer \u00e0 se projeter ensemble en suivant les orientations strat\u00e9giques approuv\u00e9es en septembre 2020.<\/p>\n<p>La rencontre se concentrera sur le d\u00e9veloppement du r\u00e9seau europ\u00e9en 10 ans apr\u00e8s sa fondation. De nouveaux membres sont attendus de diff\u00e9rents pays europ\u00e9ens et des invit\u00e9s d&rsquo;autres r\u00e9seaux et organisations. Comme il s&rsquo;agit d&rsquo;une r\u00e9union en r\u00e9sidence, les participants sont cens\u00e9s rester toute la dur\u00e9e du s\u00e9jour. En raison des restrictions li\u00e9es \u00e0 la sant\u00e9, les places sont limit\u00e9es.<\/p>\n<p>&nbsp;<\/p>\n<p>Pour confirmer votre participation, vous devez vous <a href=\"https:\/\/ripess.eu\/en\/eforms\/ga2021-registration\/17\/\" target=\"_blank\"><strong>inscrire en ligne ici.<\/strong><\/a><\/p>\n<p>Vous pouvez trouver plus d&rsquo;informations sur :<\/p>\n<ul>\n<li><a href=\"https:\/\/ripess.eu\/fr\/assemblees-generales\/10eme-assemblee-generale-villarceaux-paris-2021\/comment-se-rendre-a-la-bergerie\/\" target=\"_blank\"><strong>Comment organiser votre voyage \u00e0 La Bergerie<\/strong> <strong>de Villarceaux<\/strong><\/a><\/li>\n<li><a href=\"https:\/\/ripess.eu\/fr\/assemblees-generales\/10eme-assemblee-generale-villarceaux-paris-2021\/repas-et-hebergement-et-securite-sanitaire\/\" target=\"_blank\"><strong>Alimentation et h\u00e9bergement (et s\u00e9curit\u00e9 sanitaire)<\/strong><\/a><\/li>\n<li><a href=\"https:\/\/ripess.eu\/fr\/assemblees-generales\/10eme-assemblee-generale-villarceaux-paris-2021\/frais-couverts-par-ripess-eu\/\" target=\"_blank\"><strong>Quels sont les co\u00fbts couverts par le RIPESS EU<\/strong><\/a><\/li>\n<li><strong>Participation en ligne (page en construction)<\/strong><\/li>\n<\/ul>\n<h4>Pr\u00e9paration de l&rsquo;Assembl\u00e9e g\u00e9n\u00e9rale<\/h4>\n<p>Vous pouvez acc\u00e9der aux documents et forums pour la pr\u00e9paration de l&rsquo;AG via les liens suivants.<\/p>\n<p>Si vous devez donner une <strong>procuration de vote<\/strong> \u00e0 un autre membre, veuillez <a href=\"https:\/\/cloud.ripess.eu\/index.php\/apps\/onlyoffice\/206967?filePath=%2FPartages%2FAG-General_Assemblies%2F2021_September_10_years%2FOfficial_docs%2Fproxyvote.docx\" target=\"_blank\"><strong>remplir et envoyer ce formulaire<\/strong><\/a>.<\/p>\n<p>Veuillez lire attentivement le document \u00ab\u00a0<a href=\"https:\/\/cloud.ripess.eu\/index.php\/apps\/onlyoffice\/206935?filePath=%2FPartages%2FAG-General_Assemblies%2F2021_September_10_years%2FOfficial_docs%2FCoCo_renewal_appeal_for_candidates.docx\" target=\"_blank\"><strong>Renouvellement du CoCo &#8211; Appel aux candidats<\/strong><\/a>\u00ab\u00a0.<\/p>\n<p>&#8211; <a href=\"https:\/\/cloud.ripess.eu\/index.php\/apps\/onlyoffice\/139208?filePath=%2FPartages%2FAG-General_Assemblies%2F2020_Online_Sept%2FGA_docs%2FRIPESSEU_orientations_strat%C3%A9giques_2021-2023_FR.pdf\" target=\"_blank\"><strong>Document d&rsquo;orientation strat\u00e9gique 2021-2023<\/strong><\/a> : ce document a \u00e9t\u00e9 pr\u00e9par\u00e9 par le Comit\u00e9 de coordination et le groupe de travail sur la strat\u00e9gie et a \u00e9t\u00e9 discut\u00e9 et r\u00e9vis\u00e9 lors de l&rsquo;Assembl\u00e9e g\u00e9n\u00e9rale de septembre 2021.<\/p>\n<p>&#8211;<strong> Forum pour la pr\u00e9paration de l&rsquo;Assembl\u00e9e g\u00e9n\u00e9rale<\/strong> : pour aider \u00e0 construire ensemble l&rsquo;AG, nous avons ouvert un forum de discussion sp\u00e9cifique <strong>dans Framavox <a href=\"https:\/\/framavox.org\/d\/xfcNiWJB\/ga-2021-programme-preparation\" target=\"_blank\">\u00e0 cette adresse<\/a><\/strong>. Vous devez \u00eatre inscrit pour y participer.<\/p>\n<hr \/>\n<p style=\"text-align: center\">\n<p>&nbsp;<\/p>\n","protected":false},"excerpt":{"rendered":"<p>Le 10\u00e8me Congr\u00e8s et Assembl\u00e9e G\u00e9n\u00e9rale (AG) de RIPESS Europe &#8211; Solidarity Economy Europe se tiendra du 7 au 10 septembre 2021 \u00e0 la Bergerie de Villarceaux (Paris, France), avec [&hellip;]<\/p>\n","protected":false},"author":4,"featured_media":25311,"parent":532,"menu_order":0,"comment_status":"closed","ping_status":"closed","template":"","meta":{"_et_pb_use_builder":"on","_et_pb_old_content":"","_et_gb_content_width":"","footnotes":""},"class_list":["post-25375","page","type-page","status-publish","has-post-thumbnail","hentry"],"_links":{"self":[{"href":"https:\/\/ripess.eu\/fr\/wp-json\/wp\/v2\/pages\/25375","targetHints":{"allow":["GET"]}}],"collection":[{"href":"https:\/\/ripess.eu\/fr\/wp-json\/wp\/v2\/pages"}],"about":[{"href":"https:\/\/ripess.eu\/fr\/wp-json\/wp\/v2\/types\/page"}],"author":[{"embeddable":true,"href":"https:\/\/ripess.eu\/fr\/wp-json\/wp\/v2\/users\/4"}],"replies":[{"embeddable":true,"href":"https:\/\/ripess.eu\/fr\/wp-json\/wp\/v2\/comments?post=25375"}],"version-history":[{"count":0,"href":"https:\/\/ripess.eu\/fr\/wp-json\/wp\/v2\/pages\/25375\/revisions"}],"up":[{"embeddable":true,"href":"https:\/\/ripess.eu\/fr\/wp-json\/wp\/v2\/pages\/532"}],"wp:featuredmedia":[{"embeddable":true,"href":"https:\/\/ripess.eu\/fr\/wp-json\/wp\/v2\/media\/25311"}],"wp:attachment":[{"href":"https:\/\/ripess.eu\/fr\/wp-json\/wp\/v2\/media?parent=25375"}],"curies":[{"name":"wp","href":"https:\/\/api.w.org\/{rel}","templated":true}]}}

10ème Assemblée générale &#8211; Villarceaux (Paris) 2021

<p>Le 10ème Congrès et <strong>Assemblée Générale (AG) de RIPESS Europe &#8211; Solidarity Economy Europe</strong> se tiendra du <strong>7 au 10 septembre 2021 à la <a href="http://www.bergerie-villarceaux.org/index.php?page=presentation" target="_blank">Bergerie de Villarceaux (Paris, France)</a></strong>, avec le soutien de la <a href="http://www.fph.ch/index_fr.html" target="_blank"><strong>FPH (Fondation pour le progrès humain)</strong></a>. Cette AG est l&rsquo;occasion de se retrouver et de célébrer le <strong>10e anniversaire du réseau</strong> dans une ambiance conviviale et de continuer à se projeter ensemble en suivant les orientations stratégiques approuvées en septembre 2020.</p>
<p>La rencontre se concentrera sur le développement du réseau européen 10 ans après sa fondation. De nouveaux membres sont attendus de différents pays européens et des invités d&rsquo;autres réseaux et organisations. Comme il s&rsquo;agit d&rsquo;une réunion en résidence, les participants sont censés rester toute la durée du séjour. En raison des restrictions liées à la santé, les places sont limitées.</p>
<p>&nbsp;</p>
<p>Pour confirmer votre participation, vous devez vous <a href="https://ripess.eu/en/eforms/ga2021-registration/17/" target="_blank"><strong>inscrire en ligne ici.</strong></a></p>
<p>Vous pouvez trouver plus d&rsquo;informations sur :</p>
<ul>
<li><a href="https://ripess.eu/fr/assemblees-generales/10eme-assemblee-generale-villarceaux-paris-2021/comment-se-rendre-a-la-bergerie/" target="_blank"><strong>Comment organiser votre voyage à La Bergerie</strong> <strong>de Villarceaux</strong></a></li>
<li><a href="https://ripess.eu/fr/assemblees-generales/10eme-assemblee-generale-villarceaux-paris-2021/repas-et-hebergement-et-securite-sanitaire/" target="_blank"><strong>Alimentation et hébergement (et sécurité sanitaire)</strong></a></li>
<li><a href="https://ripess.eu/fr/assemblees-generales/10eme-assemblee-generale-villarceaux-paris-2021/frais-couverts-par-ripess-eu/" target="_blank"><strong>Quels sont les coûts couverts par le RIPESS EU</strong></a></li>
<li><strong>Participation en ligne (page en construction)</strong></li>
</ul>
<h4>Préparation de l&rsquo;Assemblée générale</h4>
<p>Vous pouvez accéder aux documents et forums pour la préparation de l&rsquo;AG via les liens suivants.</p>
<p>Si vous devez donner une <strong>procuration de vote</strong> à un autre membre, veuillez <a href="https://cloud.ripess.eu/index.php/apps/onlyoffice/206967?filePath=%2FPartages%2FAG-General_Assemblies%2F2021_September_10_years%2FOfficial_docs%2Fproxyvote.docx" target="_blank"><strong>remplir et envoyer ce formulaire</strong></a>.</p>
<p>Veuillez lire attentivement le document « <a href="https://cloud.ripess.eu/index.php/apps/onlyoffice/206935?filePath=%2FPartages%2FAG-General_Assemblies%2F2021_September_10_years%2FOfficial_docs%2FCoCo_renewal_appeal_for_candidates.docx" target="_blank"><strong>Renouvellement du CoCo &#8211; Appel aux candidats</strong></a>« .</p>
<p>&#8211; <a href="https://cloud.ripess.eu/index.php/apps/onlyoffice/139208?filePath=%2FPartages%2FAG-General_Assemblies%2F2020_Online_Sept%2FGA_docs%2FRIPESSEU_orientations_strat%C3%A9giques_2021-2023_FR.pdf" target="_blank"><strong>Document d&rsquo;orientation stratégique 2021-2023</strong></a> : ce document a été préparé par le Comité de coordination et le groupe de travail sur la stratégie et a été discuté et révisé lors de l&rsquo;Assemblée générale de septembre 2021.</p>
<p>&#8211;<strong> Forum pour la préparation de l&rsquo;Assemblée générale</strong> : pour aider à construire ensemble l&rsquo;AG, nous avons ouvert un forum de discussion spécifique <strong>dans Framavox <a href="https://framavox.org/d/xfcNiWJB/ga-2021-programme-preparation" target="_blank">à cette adresse</a></strong>. Vous devez être inscrit pour y participer.</p>
<hr />
<p style="text-align: center">
<p>&nbsp;</p>

<p>Le 10ème Congrès et Assemblée Générale (AG) de RIPESS Europe &#8211; Solidarity Economy Europe se tiendra du 7 au 10 septembre 2021 à la Bergerie de Villarceaux (Paris, France), avec [&hellip;]</p>
