{"id":1607,"date":"2015-12-09T10:34:38","date_gmt":"2015-12-09T08:34:38","guid":{"rendered":"http:\/\/www.ripess.eu\/?page_id=1607"},"modified":"2017-11-24T14:23:05","modified_gmt":"2017-11-24T12:23:05","slug":"efsse-2016-european-forum-on-social-and-solidarity-economy","status":"publish","type":"page","link":"https:\/\/ripess.eu\/fr\/efsse-2016-european-forum-on-social-and-solidarity-economy\/","title":{"rendered":"EFSSE 2016 (European Forum on Social and Solidarity Economy)"},"content":{"rendered":"<p>Dans la strat\u00e9gie du RIPESS EU \u2013 Economie Solidaire Europe pour la promotion de l&rsquo;ESS, il y a l&rsquo;engagement avec les processus politiques et le dialogue avec les forces politiques qui, explicitement, appuient l&rsquo;ESS au niveau europ\u00e9en.\u00a0 Le RIPESS EU participe \u00e0 l&rsquo;Intergroupe des parlementaires europ\u00e9ens Social Economy et suit les th\u00e9matiques li\u00e9es \u00e0 l&rsquo;ESS.\u00a0 En f\u00e9vrier 2015, des membres du RIPESS EU \u00e9taient pr\u00e9sents \u00e0\u00a0<a href=\"http:\/\/europe.ripess.rio20.net\/?lang=en\/fr\/bruxelles-less-dans-la-ue-parlament-europeen-26-fev-2015\/\" target=\"_blank\">la premi\u00e8re rencontre convoqu\u00e9e par quelques MEPs<\/a>\u00a0avec l&rsquo;intention de travailler \u00e0 favoriser l&rsquo;\u00e9mergence de l&rsquo;ESS \u00e0 travers l&rsquo;Europe.<\/p>\n<p>En\u00a0Mai 2015, le\u00a0<a href=\"http:\/\/guengl.eu\/\" target=\"_blank\">European United Left \/ Nordic Confederation Group (GUE \/ NGL)<\/a>\u00a0a d\u00e9cid\u00e9 de transformer son appui traditionnel \u00e0 l&rsquo;Economie Sociale et Solidaire (ESS) en l&rsquo;un des processus strat\u00e9giques principaux de leur l\u00e9gislature (2014-2019). C&rsquo;est pour cette raison que le groupe de parlementaires europ\u00e9ens a d\u00e9cid\u00e9 qu&rsquo;un de ses principaux objectifs pour 2016 serait l&rsquo;organisation du premier\u00a0<a href=\"http:\/\/efsse.org\/\" target=\"_blank\">Forum Europ\u00e9en de l&rsquo;Economie Sociale et Solidaire (<span class=\"il\">EFSSE<\/span>)<\/a>, qui vise \u00e0 promouvoir un \u00e9change d&rsquo;exp\u00e9riences entre les diff\u00e9rentes initiatives de l&rsquo;ESS en Europe, souligner les probl\u00e8mes auxquels le secteur doit faire face ainsi que ses potentiels dans la gestion des effets de la crise. Des actions sp\u00e9cifiques ayant un impact politique seront propos\u00e9es pour favoriser la consolidation et l&rsquo;expansion de l&rsquo;ESS au sein de l&rsquo;EU.<\/p>\n<p>Ce forum se tiendra au cours d&rsquo;une journ\u00e9e le\u00a0<strong>28 janvier \u00e0 Bruxelles\u00a0<\/strong>et sera limit\u00e9 \u00e0\u00a0220\/250 personnes et invit\u00e9s, y compris des MEPs.\u00a0 Huit pays ont tenu des\u00a0<b>r\u00e9unions pr\u00e9paratoire<\/b>s(l&rsquo;Espagne, la France, l&rsquo;Italie, l&rsquo;Irlande, la Gr\u00e8ce, le Portugal, la Belgique et l&rsquo;Allemagne), men\u00e9es par le MEPs cose tiendrncerned et des organisations relais d&rsquo;ESS qu&rsquo;ils connaissent.<\/p>\n<p>LE PROGRAMME\u00a0FINAL EST <a href=\"http:\/\/efsse.org\/programme\/\"><strong>DISPONIBLE ICI<\/strong><\/a>.<\/p>\n<p>Nous nous organisons donc entre les membres du RIPESS Europe pour avoir une pr\u00e9sence, en particulier pour tous les membres qui voudraient organiser une d\u00e9l\u00e9gation en dehors de ces 8 pays.\u00a0 Nous pouvons proposer des intervenants pour les 3 pl\u00e9ni\u00e8res et les 7 ateliers.\u00a0 Il y aura \u00e9galement un espace d&rsquo; exposition pour pr\u00e9senter les exp\u00e9riences et les r\u00e9seaux.<\/p>\n<p>La\u00a0 date limite (pour proposer des intervenants et des th\u00e9matiques) est le 15 d\u00e9cembre 2015.<\/p>\n<p>Vous pouvez t\u00e9l\u00e9charger les principaux documents avec le programme provisoire et les notes des r\u00e9unions de pr\u00e9paration:<\/p>\n<ul>\n<li><a href=\"https:\/\/europe.ripess.rio20.net\/wp-content\/uploads\/sites\/4\/2015\/12\/EFSSE16-Draft-Programme.pdf\" target=\"_blank\">EFSSE16-Draft Programme<\/a><\/li>\n<li><a href=\"https:\/\/europe.ripess.rio20.net\/wp-content\/uploads\/sites\/4\/2015\/12\/EFSSE16-Minutes_PrepWorkshop_30112015.docx\" target=\"_blank\">EFSSE16 Minutes Preparatory Workshop 30-11-2015<\/a><\/li>\n<li><a href=\"https:\/\/europe.ripess.rio20.net\/wp-content\/uploads\/sites\/4\/2015\/12\/EFSSE16-FRANCE.pdf\" target=\"_blank\">EFSSE16-FRANCE meeting report<\/a><\/li>\n<li><a href=\"https:\/\/europe.ripess.rio20.net\/wp-content\/uploads\/sites\/4\/2015\/12\/EFSSE16-IRELAND.pdf\" target=\"_blank\">EFSSE16-IRELAND meeting report<\/a><\/li>\n<li><a href=\"https:\/\/europe.ripess.rio20.net\/wp-content\/uploads\/sites\/4\/2015\/12\/EFSSE16-ITALY.pdf\" target=\"_blank\">EFSSE16-ITALY meeting report<\/a>d<\/li>\n<li><a href=\"https:\/\/europe.ripess.rio20.net\/wp-content\/uploads\/sites\/4\/2015\/12\/EFSSE16-SPAIN.pdf\" target=\"_blank\">EFSSE16-SPAIN meeting report<\/a><\/li>\n<li><a href=\"https:\/\/europe.ripess.rio20.net\/wp-content\/uploads\/sites\/4\/2015\/12\/PORTUGAL-2.doc\">EFSSE16-PORTUGAL meeting report<\/a><\/li>\n<\/ul>\n<p>Le site du EFSSE2016:\u00a0<a href=\"http:\/\/www.efsse.org\">www.efsse.org<\/a><\/p>\n","protected":false},"excerpt":{"rendered":"<p>Dans la strat\u00e9gie du RIPESS EU \u2013 Economie Solidaire Europe pour la promotion de l&rsquo;ESS, il y a l&rsquo;engagement avec les processus politiques et le dialogue avec les forces politiques [&hellip;]<\/p>\n","protected":false},"author":1,"featured_media":1555,"parent":0,"menu_order":0,"comment_status":"closed","ping_status":"closed","template":"","meta":{"_et_pb_use_builder":"","_et_pb_old_content":"","_et_gb_content_width":"","footnotes":""},"class_list":["post-1607","page","type-page","status-publish","has-post-thumbnail","hentry"],"_links":{"self":[{"href":"https:\/\/ripess.eu\/fr\/wp-json\/wp\/v2\/pages\/1607","targetHints":{"allow":["GET"]}}],"collection":[{"href":"https:\/\/ripess.eu\/fr\/wp-json\/wp\/v2\/pages"}],"about":[{"href":"https:\/\/ripess.eu\/fr\/wp-json\/wp\/v2\/types\/page"}],"author":[{"embeddable":true,"href":"https:\/\/ripess.eu\/fr\/wp-json\/wp\/v2\/users\/1"}],"replies":[{"embeddable":true,"href":"https:\/\/ripess.eu\/fr\/wp-json\/wp\/v2\/comments?post=1607"}],"version-history":[{"count":0,"href":"https:\/\/ripess.eu\/fr\/wp-json\/wp\/v2\/pages\/1607\/revisions"}],"wp:featuredmedia":[{"embeddable":true,"href":"https:\/\/ripess.eu\/fr\/wp-json\/wp\/v2\/media\/1555"}],"wp:attachment":[{"href":"https:\/\/ripess.eu\/fr\/wp-json\/wp\/v2\/media?parent=1607"}],"curies":[{"name":"wp","href":"https:\/\/api.w.org\/{rel}","templated":true}]}}

<p>Dans la stratégie du RIPESS EU – Economie Solidaire Europe pour la promotion de l&rsquo;ESS, il y a l&rsquo;engagement avec les processus politiques et le dialogue avec les forces politiques qui, explicitement, appuient l&rsquo;ESS au niveau européen.  Le RIPESS EU participe à l&rsquo;Intergroupe des parlementaires européens Social Economy et suit les thématiques liées à l&rsquo;ESS.  En février 2015, des membres du RIPESS EU étaient présents à <a href="http://europe.ripess.rio20.net/?lang=en/fr/bruxelles-less-dans-la-ue-parlament-europeen-26-fev-2015/" target="_blank">la première rencontre convoquée par quelques MEPs</a> avec l&rsquo;intention de travailler à favoriser l&rsquo;émergence de l&rsquo;ESS à travers l&rsquo;Europe.</p>
<p>En Mai 2015, le <a href="http://guengl.eu/" target="_blank">European United Left / Nordic Confederation Group (GUE / NGL)</a> a décidé de transformer son appui traditionnel à l&rsquo;Economie Sociale et Solidaire (ESS) en l&rsquo;un des processus stratégiques principaux de leur législature (2014-2019). C&rsquo;est pour cette raison que le groupe de parlementaires européens a décidé qu&rsquo;un de ses principaux objectifs pour 2016 serait l&rsquo;organisation du premier <a href="http://efsse.org/" target="_blank">Forum Européen de l&rsquo;Economie Sociale et Solidaire (<span class="il">EFSSE</span>)</a>, qui vise à promouvoir un échange d&rsquo;expériences entre les différentes initiatives de l&rsquo;ESS en Europe, souligner les problèmes auxquels le secteur doit faire face ainsi que ses potentiels dans la gestion des effets de la crise. Des actions spécifiques ayant un impact politique seront proposées pour favoriser la consolidation et l&rsquo;expansion de l&rsquo;ESS au sein de l&rsquo;EU.</p>
<p>Ce forum se tiendra au cours d&rsquo;une journée le <strong>28 janvier à Bruxelles </strong>et sera limité à 220/250 personnes et invités, y compris des MEPs.  Huit pays ont tenu des <b>réunions préparatoire</b>s(l&rsquo;Espagne, la France, l&rsquo;Italie, l&rsquo;Irlande, la Grèce, le Portugal, la Belgique et l&rsquo;Allemagne), menées par le MEPs cose tiendrncerned et des organisations relais d&rsquo;ESS qu&rsquo;ils connaissent.</p>
<p>LE PROGRAMME FINAL EST <a href="http://efsse.org/programme/"><strong>DISPONIBLE ICI</strong></a>.</p>
<p>Nous nous organisons donc entre les membres du RIPESS Europe pour avoir une présence, en particulier pour tous les membres qui voudraient organiser une délégation en dehors de ces 8 pays.  Nous pouvons proposer des intervenants pour les 3 plénières et les 7 ateliers.  Il y aura également un espace d&rsquo; exposition pour présenter les expériences et les réseaux.</p>
<p>La  date limite (pour proposer des intervenants et des thématiques) est le 15 décembre 2015.</p>
<p>Vous pouvez télécharger les principaux documents avec le programme provisoire et les notes des réunions de préparation:</p>
<ul>
<li><a href="https://europe.ripess.rio20.net/wp-content/uploads/sites/4/2015/12/EFSSE16-Draft-Programme.pdf" target="_blank">EFSSE16-Draft Programme</a></li>
<li><a href="https://europe.ripess.rio20.net/wp-content/uploads/sites/4/2015/12/EFSSE16-Minutes_PrepWorkshop_30112015.docx" target="_blank">EFSSE16 Minutes Preparatory Workshop 30-11-2015</a></li>
<li><a href="https://europe.ripess.rio20.net/wp-content/uploads/sites/4/2015/12/EFSSE16-FRANCE.pdf" target="_blank">EFSSE16-FRANCE meeting report</a></li>
<li><a href="https://europe.ripess.rio20.net/wp-content/uploads/sites/4/2015/12/EFSSE16-IRELAND.pdf" target="_blank">EFSSE16-IRELAND meeting report</a></li>
<li><a href="https://europe.ripess.rio20.net/wp-content/uploads/sites/4/2015/12/EFSSE16-ITALY.pdf" target="_blank">EFSSE16-ITALY meeting report</a>d</li>
<li><a href="https://europe.ripess.rio20.net/wp-content/uploads/sites/4/2015/12/EFSSE16-SPAIN.pdf" target="_blank">EFSSE16-SPAIN meeting report</a></li>
<li><a href="https://europe.ripess.rio20.net/wp-content/uploads/sites/4/2015/12/PORTUGAL-2.doc">EFSSE16-PORTUGAL meeting report</a></li>
</ul>
<p>Le site du EFSSE2016: <a href="http://www.efsse.org">www.efsse.org</a></p>

<p>Dans la stratégie du RIPESS EU – Economie Solidaire Europe pour la promotion de l&rsquo;ESS, il y a l&rsquo;engagement avec les processus politiques et le dialogue avec les forces politiques [&hellip;]</p>
