{"id":6820,"date":"2020-04-03T14:51:58","date_gmt":"2020-04-03T12:51:58","guid":{"rendered":"https:\/\/www.ripess.eu\/?page_id=6820"},"modified":"2020-04-17T11:57:26","modified_gmt":"2020-04-17T09:57:26","slug":"internacional","status":"publish","type":"page","link":"https:\/\/ripess.eu\/es\/internacional\/","title":{"rendered":"Internacional"},"content":{"rendered":"\n<h2 class=\"wp-block-heading\">Internacional<\/h2>\n\n\n\n<p style=\"background-color:#fcf39e\" class=\"has-background has-text-align-left\"> Estamos recopilando aqu\u00ed&nbsp;<strong>mensajes,<\/strong>&nbsp;<strong>art\u00edculos, historias y referencias de iniciativas de econom\u00eda solidaria en respuesta a la crisis de la pandemia Covid19<\/strong>&nbsp;y sus consecuencias, para compartir e intercambiar experiencias y esfuerzos de las redes miembros y otras organizaciones.&nbsp;<strong>Si desea contribuir, por favor escriba a : info@ripess.eu<\/strong> <\/p>\n\n\n\n<p class=\"has-background has-very-light-gray-background-color\"> <strong>Mensaje de Jason Nardi, Delegado general de RIPESS Europa<\/strong>: <\/p>\n\n\n\n<p>\u201c<em>Nunca tanto como hoy podemos decir que estamos todos en el mismo barco en un mar tormentoso.&nbsp;<strong>La crisis de la pandemia del coronavirus se est\u00e1 extendiendo r\u00e1pidamente por todo el mundo,<\/strong>&nbsp;con un impacto que es en muchos aspectos impredecible y sin discriminaci\u00f3n, aunque lamentablemente siempre son las personas m\u00e1s vulnerables las que m\u00e1s sufren. La crisis clim\u00e1tica y ambiental tambi\u00e9n es global, pero nos afecta de diferentes maneras. La suma de ambas y&nbsp;<strong>las consecuencias econ\u00f3micas y sociales que ya se est\u00e1n produciendo y que se avecinan son potencialmente enormes.<\/strong><\/em><\/p>\n\n\n\n<p>Ante el fracaso del actual sistema econ\u00f3mico dominante y la amenaza a nuestro bienestar, estamos demostrando que la ESS y las diversas formas de econom\u00edas transformadoras son una alternativa real para salir de estas crisis.&nbsp;<strong>La Econom\u00eda Social Solidaria, en<\/strong><strong>&nbsp;todas sus m\u00faltiples manifestaciones y pr\u00e1cticas, est\u00e1 al mismo tiempo en la vanguardia de las acciones de apoyo, cuidado y mutualidad \u2013 pero tambi\u00e9n fuertemente amenazada o dificultada por las restricciones de sus pr\u00e1cticas cotidianas y con consecuencias negativas para el trabajo y los ingresos de millones de personas, las empresas cooperativas y las iniciativas de la ESS.&nbsp;<\/strong><\/p>\n\n\n\n<p><em>En algunos pa\u00edses se est\u00e1n prohibiendo los mercados agr\u00edcolas y las cadenas locales de suministro de alimentos, as\u00ed como otros productos y servicios, por motivos de salud y seguridad, mientras que los supermercados y los grandes distribuidores en l\u00ednea se convierten en la principal o \u00fanica fuente para las personas.&nbsp;&nbsp;<strong>Debemos pedir a los gobiernos, por el contrario, que fomenten en\u00e9rgicamente la producci\u00f3n y el consumo locales seguros y saludables, especialmente en momentos cr\u00edticos como \u00e9ste.<\/strong>&nbsp;Seguiremos abogando por que m\u00e1s pa\u00edses, m\u00e1s instituciones internacionales y las propias Naciones Unidas adopten la ESS para lograr el mundo que queremos.<\/em><\/p>\n\n\n\n<p><em><strong>RIPESS \u2013 como red que interconecta las realidades de la ESS en todo el mundo \u2013 nos permite expresar nuestra solidaridad mutua, nuestra conciencia de las dificultades de la situaci\u00f3n que estamos viviendo y los desaf\u00edos que enfrentamos.<\/strong>&nbsp;Cuidemos de nosotros mismos, de nuestras familias y seres queridos, de nuestras comunidades. Queremos estar especialmente cerca de todos aquellos que han sufrido directamente y deseamos buena salud, seguridad y bienestar para todos. Compartamos lo que estamos haciendo, nuestra capacidad de actuar con resistencia y de encontrar soluciones humanas y solidarias.&nbsp;<\/em><\/p>\n\n\n\n<p><strong><em>Por favor, env\u00eden informaci\u00f3n sobre cualquier iniciativa importante de ESS en la que est\u00e9n trabajando o que conozcan, as\u00ed como sobre las pol\u00edticas p\u00fablicas que ayuden a fomentarlas para responder a las consecuencias sanitarias, sociales y econ\u00f3micas de la pandemia de COVID-19, para que puedan ser compartidas con otros y podamos aprender mutuamente.<\/em><\/strong><\/p>\n\n\n\n<p><em>Si bien muchos de nosotros tenemos que cancelar o posponer las actividades planificadas, quedarnos en casa o confinados en espacios restringidos, Covid-19 no nos impedir\u00e1 colaborar y actuar de manera solidaria y sentirnos parte de una comunidad mundial interconectada.<\/em>&nbsp;<\/p>\n\n\n\n<p><strong><em>Es hora de la esperanza, no del miedo. Para la cooperaci\u00f3n y la solidaridad. Para la ESS<\/em><\/strong>.\u00bb<\/p>\n\n\n\n<p class=\"has-background has-very-light-gray-background-color\"> <strong>Mensaje de Laurence KWARK, Secretario General de la GSEF (Plataforma Global para la Econom\u00eda Social)<\/strong> <\/p>\n\n\n\n<div class=\"wp-block-image\"><figure class=\"aligncenter size-large\"><img loading=\"lazy\" decoding=\"async\" width=\"287\" height=\"160\" src=\"https:\/\/europe.ripess.rio20.net\/wp-content\/uploads\/sites\/4\/2020\/03\/gsef_logo.jpg\" alt=\"\" class=\"wp-image-6679\"\/><\/figure><\/div>\n\n\n\n<p> <em>\u201cEs un tiempo que nos recuerda la gran comunidad interconectada en la que vivimos compartiendo un destino com\u00fan, pero al mismo tiempo es tambi\u00e9n un tiempo en el que la sensaci\u00f3n de conexi\u00f3n se ve amenazada una vez m\u00e1s por nuevos tipos de desaf\u00edos. Somos testigos de mucha voluntad pol\u00edtica y de la firme voluntad de las comunidades de luchar activamente contra ello y, sin embargo, nosotros, como comunidad de SSE, sabemos que no podemos superar esta crisis si cedemos nuestra esperanza al miedo, y la solidaridad al egocentrismo\u201d.<\/em> <\/p>\n\n\n\n<div class=\"wp-block-button\"><a class=\"wp-block-button__link has-background has-luminous-vivid-amber-background-color\" href=\"https:\/\/www.gsef-net.org\/es\/node\/27124\">Leer el mensaje completo<\/a><\/div>\n\n\n\n<p><\/p>\n\n\n\n<p class=\"has-background has-very-light-gray-background-color\"><strong>Mensaje de RIPESS Intercontinental &#8211; COVID-19: \u00a1La globalizaci\u00f3n de la solidaridad es la respuesta que necesitamos ahora!<\/strong><\/p>\n\n\n\n<div class=\"wp-block-image\"><figure class=\"aligncenter size-large is-resized\"><img loading=\"lazy\" decoding=\"async\" src=\"https:\/\/europe.ripess.rio20.net\/wp-content\/uploads\/sites\/4\/2020\/04\/ripess.org_.jpg\" alt=\"\" class=\"wp-image-6764\" width=\"162\" height=\"162\" srcset=\"https:\/\/ripess.eu\/wp-content\/uploads\/sites\/4\/2020\/04\/ripess.org_.jpg 400w, https:\/\/ripess.eu\/wp-content\/uploads\/sites\/4\/2020\/04\/ripess.org_-300x300.jpg 300w, https:\/\/ripess.eu\/wp-content\/uploads\/sites\/4\/2020\/04\/ripess.org_-90x90.jpg 90w\" sizes=\"(max-width: 162px) 100vw, 162px\" \/><\/figure><\/div>\n\n\n\n<p>\u00ab<strong><em>Ante&nbsp;la crisis de la COVID-19, la humanidad se enfrenta a una de las crisis m\u00e1s graves e inciertas de la historia reciente. RIPESS comparte su&nbsp;posicionamiento&nbsp;y expresa la necesidad de globalizar la solidaridad.<\/em><\/strong><\/p>\n\n\n\n<p><em>La humanidad se enfrenta a una de las crisis m\u00e1s graves e inciertas de la historia reciente. La actual globalizaci\u00f3n de la pandemia COVID-19 ha permitido que se extienda a todos los pa\u00edses. Incluso las poblaciones remotas corren peligro, al igual que las poblaciones de las zonas de guerra y las que viven en condiciones de hacinamiento con malas condiciones de higiene, como los campamentos de refugiados, lo que pone en peligro la vida de los seres humanos en un mundo cada vez m\u00e1s globalizado. Muchos barrios marginales superpoblados en mega ciudades de todo el mundo, as\u00ed como muchas otras personas en situaci\u00f3n de subsistencia cotidiana no tienen acceso a agua corriente, ni a tiendas de alimentos, el distanciamiento social es imposible y la interrupci\u00f3n de sus actividades es un lujo que no pueden permitirse.<\/em>\u00ab<\/p>\n\n\n\n<div class=\"wp-block-button\"><a class=\"wp-block-button__link has-background has-luminous-vivid-amber-background-color\" href=\"http:\/\/www.ripess.org\/covid-19-globalizar-solidaridad-es-respuesta-necesitamos-ahora\/?lang=es\">Leer el mensaje completo<\/a><\/div>\n\n\n\n<p><\/p>\n\n\n\n<p class=\"has-background has-very-light-gray-background-color\"><strong>Carta abierta a la Comisi\u00f3n Europea, al Parlamento Europeo y a los Ministros de Agricultura de los Estados miembros de la UE<\/strong><\/p>\n\n\n\n<div class=\"wp-block-image\"><figure class=\"aligncenter size-large is-resized\"><img loading=\"lazy\" decoding=\"async\" src=\"https:\/\/europe.ripess.rio20.net\/wp-content\/uploads\/sites\/4\/2020\/04\/stayhomebutnotsilentURGENCI-1024x469.png\" alt=\"\" class=\"wp-image-6932\" width=\"580\" height=\"265\" srcset=\"https:\/\/ripess.eu\/wp-content\/uploads\/sites\/4\/2020\/04\/stayhomebutnotsilentURGENCI-1024x469.png 1024w, https:\/\/ripess.eu\/wp-content\/uploads\/sites\/4\/2020\/04\/stayhomebutnotsilentURGENCI-300x137.png 300w, https:\/\/ripess.eu\/wp-content\/uploads\/sites\/4\/2020\/04\/stayhomebutnotsilentURGENCI-768x352.png 768w, https:\/\/ripess.eu\/wp-content\/uploads\/sites\/4\/2020\/04\/stayhomebutnotsilentURGENCI.png 1115w\" sizes=\"(max-width: 580px) 100vw, 580px\" \/><figcaption><strong><em>Stay home but not silent <\/em><\/strong>: <a href=\"https:\/\/twitter.com\/hashtag\/StayHomeButNotSilent?src=hashtag_click\">https:\/\/twitter.com\/hashtag\/StayHomeButNotSilent?src=hashtag_click<\/a><\/figcaption><\/figure><\/div>\n\n\n\n<p><em>\u00ab<strong>El 17 de abril de 2020, celebramos el D\u00eda Internacional de la Lucha Campesina.<\/strong> En el contexto de la COVID-19, se ha expuesto una vez m\u00e1s la vulnerabilidad del sistema alimentario globalizado actual (dominado por la agricultura industrial) y los peligros que plantea para todas las formas de vida. Un factor a tener en cuenta, es que debemos aprender de esta crisis y<br>dedicar tiempo a la construcci\u00f3n de sistemas alimentarios diversos, resistentes y locales y territoriales. En este contexto, la Coordinadora Europea Via Campesina (ECVC) y sus organizaciones miembros, junto con URGENCI, la Red Europea de Pastores (ESN), FIAN y Amigos de la Tierra Europa (FoEE), como parte del Movimiento por la Soberan\u00eda Alimentaria de<br>Ny\u00e9l\u00e9ni en Europa y Asia Central (Ny\u00e9l\u00e9ni ECA), quieren enviar un mensaje claro: los campesinos y los peque\u00f1os y medianos productores de alimentos son necesarios para garantizar la soberan\u00eda alimentaria. En estos tiempos de crisis, m\u00e1s que nunca, contin\u00faan produciendo alimentos y alimentando a las personas, garantizando el suministro de alimentos a nivel nacional y regional. Los campesinos de toda Europa forman parte de una gran red<br>desarrollada. Estas comunidades han alimentado al planeta durante generaciones y han utilizado los conocimientos, la experiencia y las competencias que han desarrollado a lo largo de sus vidas. Sin embargo, en este momento, est\u00e1n siendo ignorados y maltratados. Hoy en d\u00eda, muchos de ellos est\u00e1n tomando medidas para tratar de cambiar esto, y, por ello, les<br>instamos a que presten atenci\u00f3n a c\u00f3mo y por qu\u00e9 ustedes, como responsables de la toma de decisiones, tienen la responsabilidad de empezar a escuchar sus voces.\u00bb<\/em><\/p>\n\n\n\n<div class=\"wp-block-buttons aligncenter is-layout-flex wp-block-buttons-is-layout-flex\">\n<div class=\"wp-block-button\"><a class=\"wp-block-button__link has-background has-luminous-vivid-amber-background-color\" href=\"https:\/\/urgenci.net\/\" target=\"_blank\" rel=\"noreferrer noopener\">M\u00e1s informaci\u00f3n en Urgenci.net<\/a><\/div>\n<\/div>\n","protected":false},"excerpt":{"rendered":"<p>Internacional Estamos recopilando aqu\u00ed&nbsp;mensajes,&nbsp;art\u00edculos, historias y referencias de iniciativas de econom\u00eda solidaria en respuesta a la crisis de la pandemia Covid19&nbsp;y sus consecuencias, para compartir e intercambiar experiencias y esfuerzos [&hellip;]<\/p>\n","protected":false},"author":7618,"featured_media":0,"parent":0,"menu_order":0,"comment_status":"closed","ping_status":"closed","template":"","meta":{"_et_pb_use_builder":"","_et_pb_old_content":"","_et_gb_content_width":"","footnotes":""},"class_list":["post-6820","page","type-page","status-publish","hentry"],"_links":{"self":[{"href":"https:\/\/ripess.eu\/es\/wp-json\/wp\/v2\/pages\/6820","targetHints":{"allow":["GET"]}}],"collection":[{"href":"https:\/\/ripess.eu\/es\/wp-json\/wp\/v2\/pages"}],"about":[{"href":"https:\/\/ripess.eu\/es\/wp-json\/wp\/v2\/types\/page"}],"author":[{"embeddable":true,"href":"https:\/\/ripess.eu\/es\/wp-json\/wp\/v2\/users\/7618"}],"replies":[{"embeddable":true,"href":"https:\/\/ripess.eu\/es\/wp-json\/wp\/v2\/comments?post=6820"}],"version-history":[{"count":0,"href":"https:\/\/ripess.eu\/es\/wp-json\/wp\/v2\/pages\/6820\/revisions"}],"wp:attachment":[{"href":"https:\/\/ripess.eu\/es\/wp-json\/wp\/v2\/media?parent=6820"}],"curies":[{"name":"wp","href":"https:\/\/api.w.org\/{rel}","templated":true}]}}

<h2 class="wp-block-heading">Internacional</h2>



<p style="background-color:#fcf39e" class="has-background has-text-align-left"> Estamos recopilando aquí&nbsp;<strong>mensajes,</strong>&nbsp;<strong>artículos, historias y referencias de iniciativas de economía solidaria en respuesta a la crisis de la pandemia Covid19</strong>&nbsp;y sus consecuencias, para compartir e intercambiar experiencias y esfuerzos de las redes miembros y otras organizaciones.&nbsp;<strong>Si desea contribuir, por favor escriba a : info@ripess.eu</strong> </p>



<p class="has-background has-very-light-gray-background-color"> <strong>Mensaje de Jason Nardi, Delegado general de RIPESS Europa</strong>: </p>



<p>“<em>Nunca tanto como hoy podemos decir que estamos todos en el mismo barco en un mar tormentoso.&nbsp;<strong>La crisis de la pandemia del coronavirus se está extendiendo rápidamente por todo el mundo,</strong>&nbsp;con un impacto que es en muchos aspectos impredecible y sin discriminación, aunque lamentablemente siempre son las personas más vulnerables las que más sufren. La crisis climática y ambiental también es global, pero nos afecta de diferentes maneras. La suma de ambas y&nbsp;<strong>las consecuencias económicas y sociales que ya se están produciendo y que se avecinan son potencialmente enormes.</strong></em></p>



<p>Ante el fracaso del actual sistema económico dominante y la amenaza a nuestro bienestar, estamos demostrando que la ESS y las diversas formas de economías transformadoras son una alternativa real para salir de estas crisis.&nbsp;<strong>La Economía Social Solidaria, en</strong><strong>&nbsp;todas sus múltiples manifestaciones y prácticas, está al mismo tiempo en la vanguardia de las acciones de apoyo, cuidado y mutualidad – pero también fuertemente amenazada o dificultada por las restricciones de sus prácticas cotidianas y con consecuencias negativas para el trabajo y los ingresos de millones de personas, las empresas cooperativas y las iniciativas de la ESS.&nbsp;</strong></p>



<p><em>En algunos países se están prohibiendo los mercados agrícolas y las cadenas locales de suministro de alimentos, así como otros productos y servicios, por motivos de salud y seguridad, mientras que los supermercados y los grandes distribuidores en línea se convierten en la principal o única fuente para las personas.&nbsp;&nbsp;<strong>Debemos pedir a los gobiernos, por el contrario, que fomenten enérgicamente la producción y el consumo locales seguros y saludables, especialmente en momentos críticos como éste.</strong>&nbsp;Seguiremos abogando por que más países, más instituciones internacionales y las propias Naciones Unidas adopten la ESS para lograr el mundo que queremos.</em></p>



<p><em><strong>RIPESS – como red que interconecta las realidades de la ESS en todo el mundo – nos permite expresar nuestra solidaridad mutua, nuestra conciencia de las dificultades de la situación que estamos viviendo y los desafíos que enfrentamos.</strong>&nbsp;Cuidemos de nosotros mismos, de nuestras familias y seres queridos, de nuestras comunidades. Queremos estar especialmente cerca de todos aquellos que han sufrido directamente y deseamos buena salud, seguridad y bienestar para todos. Compartamos lo que estamos haciendo, nuestra capacidad de actuar con resistencia y de encontrar soluciones humanas y solidarias.&nbsp;</em></p>



<p><strong><em>Por favor, envíen información sobre cualquier iniciativa importante de ESS en la que estén trabajando o que conozcan, así como sobre las políticas públicas que ayuden a fomentarlas para responder a las consecuencias sanitarias, sociales y económicas de la pandemia de COVID-19, para que puedan ser compartidas con otros y podamos aprender mutuamente.</em></strong></p>



<p><em>Si bien muchos de nosotros tenemos que cancelar o posponer las actividades planificadas, quedarnos en casa o confinados en espacios restringidos, Covid-19 no nos impedirá colaborar y actuar de manera solidaria y sentirnos parte de una comunidad mundial interconectada.</em>&nbsp;</p>



<p><strong><em>Es hora de la esperanza, no del miedo. Para la cooperación y la solidaridad. Para la ESS</em></strong>.»</p>



<p class="has-background has-very-light-gray-background-color"> <strong>Mensaje de Laurence KWARK, Secretario General de la GSEF (Plataforma Global para la Economía Social)</strong> </p>



<div class="wp-block-image"><figure class="aligncenter size-large"><img loading="lazy" decoding="async" width="287" height="160" src="https://europe.ripess.rio20.net/wp-content/uploads/sites/4/2020/03/gsef_logo.jpg" alt="" class="wp-image-6679"/></figure></div>



<p> <em>“Es un tiempo que nos recuerda la gran comunidad interconectada en la que vivimos compartiendo un destino común, pero al mismo tiempo es también un tiempo en el que la sensación de conexión se ve amenazada una vez más por nuevos tipos de desafíos. Somos testigos de mucha voluntad política y de la firme voluntad de las comunidades de luchar activamente contra ello y, sin embargo, nosotros, como comunidad de SSE, sabemos que no podemos superar esta crisis si cedemos nuestra esperanza al miedo, y la solidaridad al egocentrismo”.</em> </p>



<div class="wp-block-button"><a class="wp-block-button__link has-background has-luminous-vivid-amber-background-color" href="https://www.gsef-net.org/es/node/27124">Leer el mensaje completo</a></div>



<p></p>



<p class="has-background has-very-light-gray-background-color"><strong>Mensaje de RIPESS Intercontinental &#8211; COVID-19: ¡La globalización de la solidaridad es la respuesta que necesitamos ahora!</strong></p>



<div class="wp-block-image"><figure class="aligncenter size-large is-resized"><img loading="lazy" decoding="async" src="https://europe.ripess.rio20.net/wp-content/uploads/sites/4/2020/04/ripess.org_.jpg" alt="" class="wp-image-6764" width="162" height="162" srcset="https://ripess.eu/wp-content/uploads/sites/4/2020/04/ripess.org_.jpg 400w, https://ripess.eu/wp-content/uploads/sites/4/2020/04/ripess.org_-300x300.jpg 300w, https://ripess.eu/wp-content/uploads/sites/4/2020/04/ripess.org_-90x90.jpg 90w" sizes="(max-width: 162px) 100vw, 162px" /></figure></div>



<p>«<strong><em>Ante&nbsp;la crisis de la COVID-19, la humanidad se enfrenta a una de las crisis más graves e inciertas de la historia reciente. RIPESS comparte su&nbsp;posicionamiento&nbsp;y expresa la necesidad de globalizar la solidaridad.</em></strong></p>



<p><em>La humanidad se enfrenta a una de las crisis más graves e inciertas de la historia reciente. La actual globalización de la pandemia COVID-19 ha permitido que se extienda a todos los países. Incluso las poblaciones remotas corren peligro, al igual que las poblaciones de las zonas de guerra y las que viven en condiciones de hacinamiento con malas condiciones de higiene, como los campamentos de refugiados, lo que pone en peligro la vida de los seres humanos en un mundo cada vez más globalizado. Muchos barrios marginales superpoblados en mega ciudades de todo el mundo, así como muchas otras personas en situación de subsistencia cotidiana no tienen acceso a agua corriente, ni a tiendas de alimentos, el distanciamiento social es imposible y la interrupción de sus actividades es un lujo que no pueden permitirse.</em>«</p>



<div class="wp-block-button"><a class="wp-block-button__link has-background has-luminous-vivid-amber-background-color" href="http://www.ripess.org/covid-19-globalizar-solidaridad-es-respuesta-necesitamos-ahora/?lang=es">Leer el mensaje completo</a></div>



<p></p>



<p class="has-background has-very-light-gray-background-color"><strong>Carta abierta a la Comisión Europea, al Parlamento Europeo y a los Ministros de Agricultura de los Estados miembros de la UE</strong></p>



<div class="wp-block-image"><figure class="aligncenter size-large is-resized"><img loading="lazy" decoding="async" src="https://europe.ripess.rio20.net/wp-content/uploads/sites/4/2020/04/stayhomebutnotsilentURGENCI-1024x469.png" alt="" class="wp-image-6932" width="580" height="265" srcset="https://ripess.eu/wp-content/uploads/sites/4/2020/04/stayhomebutnotsilentURGENCI-1024x469.png 1024w, https://ripess.eu/wp-content/uploads/sites/4/2020/04/stayhomebutnotsilentURGENCI-300x137.png 300w, https://ripess.eu/wp-content/uploads/sites/4/2020/04/stayhomebutnotsilentURGENCI-768x352.png 768w, https://ripess.eu/wp-content/uploads/sites/4/2020/04/stayhomebutnotsilentURGENCI.png 1115w" sizes="(max-width: 580px) 100vw, 580px" /><figcaption><strong><em>Stay home but not silent </em></strong>: <a href="https://twitter.com/hashtag/StayHomeButNotSilent?src=hashtag_click">https://twitter.com/hashtag/StayHomeButNotSilent?src=hashtag_click</a></figcaption></figure></div>



<p><em>«<strong>El 17 de abril de 2020, celebramos el Día Internacional de la Lucha Campesina.</strong> En el contexto de la COVID-19, se ha expuesto una vez más la vulnerabilidad del sistema alimentario globalizado actual (dominado por la agricultura industrial) y los peligros que plantea para todas las formas de vida. Un factor a tener en cuenta, es que debemos aprender de esta crisis y<br>dedicar tiempo a la construcción de sistemas alimentarios diversos, resistentes y locales y territoriales. En este contexto, la Coordinadora Europea Via Campesina (ECVC) y sus organizaciones miembros, junto con URGENCI, la Red Europea de Pastores (ESN), FIAN y Amigos de la Tierra Europa (FoEE), como parte del Movimiento por la Soberanía Alimentaria de<br>Nyéléni en Europa y Asia Central (Nyéléni ECA), quieren enviar un mensaje claro: los campesinos y los pequeños y medianos productores de alimentos son necesarios para garantizar la soberanía alimentaria. En estos tiempos de crisis, más que nunca, continúan produciendo alimentos y alimentando a las personas, garantizando el suministro de alimentos a nivel nacional y regional. Los campesinos de toda Europa forman parte de una gran red<br>desarrollada. Estas comunidades han alimentado al planeta durante generaciones y han utilizado los conocimientos, la experiencia y las competencias que han desarrollado a lo largo de sus vidas. Sin embargo, en este momento, están siendo ignorados y maltratados. Hoy en día, muchos de ellos están tomando medidas para tratar de cambiar esto, y, por ello, les<br>instamos a que presten atención a cómo y por qué ustedes, como responsables de la toma de decisiones, tienen la responsabilidad de empezar a escuchar sus voces.»</em></p>



<div class="wp-block-buttons aligncenter is-layout-flex wp-block-buttons-is-layout-flex">
<div class="wp-block-button"><a class="wp-block-button__link has-background has-luminous-vivid-amber-background-color" href="https://urgenci.net/" target="_blank" rel="noreferrer noopener">Más información en Urgenci.net</a></div>
</div>

<p>Internacional Estamos recopilando aquí&nbsp;mensajes,&nbsp;artículos, historias y referencias de iniciativas de economía solidaria en respuesta a la crisis de la pandemia Covid19&nbsp;y sus consecuencias, para compartir e intercambiar experiencias y esfuerzos [&hellip;]</p>
